ainder when s is divided by i?
7
Suppose x - 2*x + 40 = 3*b, x = -5*b + 70. What is the remainder when 43 is divided by b?
13
Suppose -21 = -g - 0*g + 2*v, -2*g + 42 = -5*v. What is the remainder when 74 is divided by g?
11
Let x(v) = v + 7. What is the remainder when x(6) is divided by 7?
6
What is the remainder when (3 - (1 + 0)) + 5 + 11 is divided by 4?
2
Let l be (1 + -2)/(4/(-16)). Suppose l*d + 20 = 0, -3*j + 0*d = -5*d - 1. Let i = j - -15. What is the remainder when 13 is divided by i?
6
Suppose -3*t - 3*q - 48 = -6*t, -5*q = 0. Calculate the remainder when 61 is divided by t.
13
Let o(x) = -2*x**3 - 5*x**2 + 7*x + 1. What is the remainder when o(-5) is divided by 23?
22
Let h be (-130)/(-30) - (-1)/(-3). Suppose 2*c = h*d - 62, -14 = 5*d + 2*c - 87. Calculate the remainder when 57 is divided by d.
12
Let d(u) = -u + 2. Let t be d(2). Suppose y + 0 - 1 = t. Calculate the remainder when 1 is divided by y.
0
Let p = 34 - 24. Suppose -n + 3*n = 58. Calculate the remainder when n is divided by p.
9
Suppose -4*w = -2*w + 20. Let t(g) = -g**2 - 11*g + 1. What is the remainder when 42 is divided by t(w)?
9
Let t = 0 - -3. Suppose t*r = -5*k + 41, -2*k = -6*k + 4. What is the remainder when 22 is divided by r?
10
Let y = 39 - 17. Let n = y - -2. Suppose 0 = 2*a - v - 34, -5*a + 61 + n = v. Calculate the remainder when a is divided by 9.
8
Suppose 0 = -3*o + 2 + 40. Suppose -5*b + 230 + 25 = -5*q, 0 = 3*b + q - 165. What is the remainder when b is divided by o?
12
Let s = -66 - -155. Calculate the remainder when s is divided by (-4)/(-10) + 226/10.
20
Suppose 10*n = 9*n + 57. Calculate the remainder when n is divided by 20.
17
Let s be (-2)/6 + 38/6. Suppose 56 = 2*i - s*i. Let b = 30 + i. Calculate the remainder when 31 is divided by b.
15
Let d = 3 - -7. Let u(s) = -5*s + 4. What is the remainder when u(-7) is divided by d?
9
Suppose o = 5*b + 34, 2*o + 0 + 2 = -4*b. Calculate the remainder when o is divided by 3.
0
Suppose -5*t = -3 - 2. Calculate the remainder when t is divided by ((-10)/(-50))/(2/10).
0
Suppose -12 = -2*x - 4. Suppose x*h = 5*h - 12. What is the remainder when 1*23 + -3 + 2 is divided by h?
10
Let b(c) = c + 17. What is the remainder when 0 + ((-39)/(-3) - -1) is divided by b(-13)?
2
Suppose 12*d - 51 = 9*d. What is the remainder when d is divided by 9?
8
Suppose -2*o = -o. Suppose o = 3*b - 2*u + 97, 8*u = 2*b + 3*u + 83. Let k = -11 - b. Calculate the remainder when 34 is divided by k.
16
Let r(w) = -w**3 - 8*w**2 - w - 6. Suppose 2*l - a + 3*a = -6, 39 = -3*l + 3*a. Let o be r(l). What is the remainder when (7*-2)/(0 - o) is divided by 4?
3
What is the remainder when ((-405)/(-18))/(1/6) is divided by 34?
33
Suppose 0*c + y - 5 = -5*c, 3*c = -5*y - 19. Suppose 4*h + 23 = 115. What is the remainder when h is divided by (-32)/(-6)*3/c?
7
Let l(g) = 3*g**2 + g + 4. Let r be 1/(-2) + (-33)/(-6). Suppose 4*v = -8, d - 5*v + 2 = r*d. What is the remainder when l(d) is divided by 9?
7
Let f(d) = 3*d**2 + 3*d + 1. Let g(r) = 9*r + 1. Calculate the remainder when f(-3) is divided by g(1).
9
Suppose -4*f + 27 = -c, 4*c = -4*f - c + 57. What is the remainder when f is divided by (-18)/(-4)*(-4)/(-6)?
2
Let n be 1/(-2) + (-9)/(-6). Suppose o - n = 3. Suppose 95 = 5*b + o*q + q, 0 = 2*b - q - 38. What is the remainder when b is divided by 10?
9
Let q(x) be the second derivative of x**4/6 + 2*x**3/3 - x**2/2 + 2*x. Calculate the remainder when 57 is divided by q(-4).
12
Calculate the remainder when (-2)/4 + 321/6 is divided by 1/(-3)*0 - -14.
11
Suppose -o + 4 = -2*o. What is the remainder when (18 + 2)*(-5)/o is divided by ((-39)/(-12))/(1/4)?
12
Let q be 2/((-2)/(2*-47)). Suppose 0 = 5*o - 5*h - q + 24, 4*o + h = 66. What is the remainder when 29 is divided by o?
13
Let k(r) = -r**3 - 5*r**2 + 7*r - 6. Let d be k(-6). Suppose 5*q + 119 = s + s, 4*q - 3*s = -98. Let f = d - q. What is the remainder when 20 is divided by f?
9
Let j = 0 + 10. Suppose -24*b - 285 = -39*b. What is the remainder when b is divided by j?
9
Let u be 4/(-14) + (-74)/(-14). Suppose -2*b + u + 33 = 0. What is the remainder when b is divided by (3/(-4))/3*-28?
5
Let n(w) = w**2 + w - 7. Let i be n(-4). Calculate the remainder when 47 is divided by (6/i)/((-5)/(-50)).
11
Let h(a) = 5*a - 12. What is the remainder when 109 is divided by h(8)?
25
What is the remainder when 34 is divided by ((-26)/3)/(-1) + (-28)/(-84)?
7
Suppose 2*q = -4*q. Let d = 10 - q. Calculate the remainder when 37 is divided by d.
7
Suppose -4 = -3*y + 5, -y = -5*t + 32. Let j = -5 + 24. Calculate the remainder when j is divided by t.
5
Suppose 0 = 3*c, 2*v - 2 = v + 2*c. Suppose 2 = -4*q + 10. What is the remainder when v is divided by q?
0
Suppose 2*y = -y + 42. What is the remainder when 25 is divided by y?
11
Let p(j) = -j**2 - 16*j + 16. Calculate the remainder when p(-14) is divided by 9.
8
Let o(j) = -j**3 - j + 70. Let v be o(0). Suppose -v = -5*t + 30. What is the remainder when t is divided by 11?
9
What is the remainder when 4 is divided by 2/(-3*2/(-9))?
1
Let f = 524 - 363. Calculate the remainder when f is divided by 41.
38
Let g = -4 + 14. Let d = -8 + g. Let m = 2 + -1. What is the remainder when d is divided by m?
0
Let o(q) = -7*q + 4. Let a be o(-6). Suppose -2*r + 3*k = -a, -5*k = -6 + 16. What is the remainder when 78 is divided by r?
18
Let i(n) = 11*n**2 - 1. Let v be i(1). Let y(w) = -w - 13. Let a be y(-9). Let b = v + a. What is the remainder when 17 is divided by b?
5
Let h(q) = -q**3 + q**2 - 2*q + 1. Let o be h(1). Let b(s) = -351*s + 4*s**2 + 351*s + 1. What is the remainder when 14 is divided by b(o)?
4
Let s(g) = 5*g - 2. Let n be s(2). Let m(w) be the first derivative of 2*w**3/3 - 5*w**2 - 8*w + 2. What is the remainder when m(n) is divided by 14?
12
Suppose -9*m + 66 = 2*m. Calculate the remainder when m is divided by 3.
0
Let b be ((-2)/(-6))/(10/630). Suppose -2*y = -27 - b. What is the remainder when 94 is divided by y?
22
Let p(u) = 15*u**2 + 2*u + 1. Suppose 3*s + 17 = -4*i, 2 = 4*i + 2*s + 16. Let b = i + 1. What is the remainder when 41 is divided by p(b)?
13
Let b(c) = c**3 + 12*c**2 - 16*c - 12. What is the remainder when b(-13) is divided by 16?
11
Let j(c) = 18*c**2 - 5*c - 1. What is the remainder when j(-2) is divided by 21?
18
Suppose l - 4*o - o = 17, o - 35 = -3*l. Calculate the remainder when 19 is divided by l.
7
Let r = 122 - 97. What is the remainder when r is divided by 16?
9
Let f = -54 - -75. Suppose -4*o - o = -55. What is the remainder when f is divided by o?
10
Let n(j) = 13*j**3 - 2*j**2 + j - 1. Calculate the remainder when n(2) is divided by 25.
22
Let s = -9 + 13. What is the remainder when s is divided by 3?
1
Let l(u) = u**3 - 7*u**2 - 2*u - 6. Let k(x) = x**3 - x**2 - x - 1. Let b(n) = 2*k(n) - l(n). What is the remainder when b(-5) is divided by 2?
0
Let f(x) be the second derivative of -x**3/2 - x**2 - x. Calculate the remainder when f(-4) is divided by 3.
1
Suppose -i - 7*b - 166 = -3*b, 3*i - b + 524 = 0. Calculate the remainder when i/(-18) + (-1)/(-3) is divided by (-3)/(-2*2/4).
1
Let o(c) = c**2 - 6*c + 5. Let s be o(5). Suppose 3*p = 4*z + 4 - 18, z + 2*p + 2 = s. Let i = -6 - -9. What is the remainder when i is divided by z?
1
Suppose 116 + 142 = 2*r. Let k = 53 - 20. Calculate the remainder when r is divided by k.
30
Let n(o) = -o - 1. What is the remainder when 33 is divided by n(-6)?
3
Calculate the remainder when 58/(-4)*(-6 + 18)/(-2) is divided by 25.
12
Suppose 6*k - 114 = -0*k. Calculate the remainder when 74 is divided by k.
17
Suppose 3 = 3*h - 0. Suppose -r + 1 = -h. Suppose -2*x + 10 = 2*x + 5*t, -2*t - 14 = -r*x. What is the remainder when x is divided by 2?
1
Suppose -n = 3*q - 71, -3*n - 140 = -5*q - 31. What is the remainder when 135 is divided by q?
20
Let i(c) = 9*c - 9. Let q be i(6). What is the remainder when 31 is divided by 3*5/(q/48)?
15
Let v be 2*(30/4)/5. Let i = v + 23. Calculate the remainder when i is divided by (-8)/(-36) - 158/(-18).
8
What is the remainder when 11/((-44)/(-16)) - -14 is divided by 8?
2
Let q = 7 + 37. What is the remainder when q is divided by 12?
8
Let m = 102 + 6. Calculate the remainder when m is divided by 37.
34
Let h(n) = 48*n**2 + n - 1. Let y be h(1).